50 + -a?
45
In base 16, what is 5 - -b2?
b7
In base 3, what is 21212 + -1?
21211
In base 3, what is 2 - 10010110?
-10010101
In base 3, what is 210010 + 11?
210021
In base 12, what is -92 + 0?
-92
In base 14, what is a0 + -3?
9b
In base 2, what is 10100 + -100011?
-1111
In base 7, what is 1 + 334?
335
In base 3, what is 1020020 - -11?
1020101
In base 2, what is 100 + -111101?
-111001
In base 14, what is -39 + 78?
3d
In base 15, what is -14 - -32e?
31a
In base 8, what is -13 + 40?
25
In base 9, what is -1378 + -3?
-1382
In base 13, what is -4 - c5b?
-c62
In base 3, what is -11 + 110111?
110100
In base 14, what is 3 - -75?
78
In base 14, what is 238 + 3?
23b
In base 15, what is 11 + 11?
22
In base 2, what is -1 + -1101000?
-1101001
In base 15, what is -1a - 8?
-23
In base 5, what is 1401 + 2?
1403
In base 8, what is -17 - -70?
51
In base 2, what is 11000000110 - -10?
11000001000
In base 14, what is 2 + -3c?
-3a
In base 4, what is 1 + -1001?
-1000
In base 8, what is -147 + -1?
-150
In base 2, what is 11 - 110001?
-101110
In base 12, what is -43 - -10?
-33
In base 9, what is 1825 - -3?
1828
In base 12, what is -4a + 9?
-41
In base 9, what is 2 + -781?
-778
In base 11, what is 281 + 9?
28a
In base 9, what is 35 - -73?
118
In base 15, what is -3 - -20?
1c
In base 4, what is 0 - -2213?
2213
In base 2, what is 1000 + -1000?
0
In base 2, what is -11110 - 0?
-11110
In base 16, what is 211e - 4?
211a
In base 15, what is -26 - 1b?
-42
In base 8, what is 32 + -3?
27
In base 4, what is 12001 - -13?
12020
In base 11, what is 43 - -19?
61
In base 12, what is 1002 - -5?
1007
In base 2, what is 101010 - 1101111?
-1000101
In base 6, what is -45 + 3?
-42
In base 15, what is -49 - 1a?
-64
In base 6, what is 11 - -22?
33
In base 13, what is 1a - 110?
-c3
In base 5, what is -2041 + -2?
-2043
In base 5, what is 2 - 14102?
-14100
In base 3, what is -2 - 10012211?
-10012220
In base 2, what is -111111000 - 0?
-111111000
In base 6, what is 422 - 1?
421
In base 11, what is -2 - 3a?
-41
In base 5, what is 14 - 4020?
-4001
In base 14, what is -2b15 + -4?
-2b19
In base 3, what is -12 + -2220?
-10002
In base 16, what is -3e + -4?
-42
In base 11, what is -4 + -232a?
-2333
In base 11, what is 15 - -16?
30
In base 15, what is -4 + -35?
-39
In base 11, what is -95 - 7?
-a1
In base 3, what is -1010 - -21?
-212
In base 14, what is -2 - -2d4?
2d2
In base 4, what is -1100 + 20?
-1020
In base 6, what is -3253 - -1?
-3252
In base 10, what is 386 - 3?
383
In base 4, what is 0 - 30221?
-30221
In base 11, what is 307 - 5?
302
In base 6, what is -1 + -1024?
-1025
In base 2, what is -100110001 - -10?
-100101111
In base 10, what is 276 - -1?
277
In base 9, what is -3 + 55?
52
In base 6, what is 43 + -15?
24
In base 5, what is -111 - -24?
-32
In base 11, what is -81 - -5?
-77
In base 9, what is -220 - 1?
-221
In base 14, what is -3 - 2d?
-32
In base 16, what is -5 - 284?
-289
In base 2, what is 111101011 - -10?
111101101
In base 5, what is -1312 - -4?
-1303
In base 7, what is 1350 - 1?
1346
In base 3, what is -1111 - 10?
-1121
In base 8, what is -1 - 103?
-104
In base 2, what is 11 + -110?
-11
In base 6, what is 0 + -124?
-124
In base 7, what is -1033 - -4?
-1026
In base 16, what is -6 + 38?
32
In base 11, what is -82 + 22?
-60
In base 13, what is -383 - 0?
-383
In base 10, what is -10 - -233?
223
In base 5, what is 12 - 3?
4
In base 13, what is -4 + -16a?
-171
In base 8, what is 5 + 37?
44
In base 13, what is -80 - -5?
-78
In base 15, what is 109 + 36?
140
In base 9, what is -2425 + -3?
-2428
In base 5, what is -3 + 1140?
1132
In base 15, what is -14e + -3?
-152
In base 3, what is -121 + 12?
-102
In base 7, what is -303 + -6?
-312
In base 16, what is -73a + 1?
-739
In base 6, what is 253 - -10?
303
In base 7, what is -4 - -353?
346
In base 10, what is -32 - -46?
14
In base 8, what is 1442 + 5?
1447
In base 4, what is 230 + -13?
211
In base 4, what is -11 + 12?
1
In base 4, what is 3 - 302?
-233
In base 15, what is 1d - -4?
22
In base 6, what is 10233 - 10?
10223
In base 12, what is -5 - -8b4?
8ab
In base 6, what is -15 - -35?
20
In base 16, what is 5 + -a56?
-a51
In base 2, what is -10 + 1101011111?
1101011101
In base 5, what is 3 + 12304?
12312
In base 9, what is -5 - 84?
-100
In base 16, what is 6 + 5c?
62
In base 13, what is 59 + 0?
59
In base 2, what is 0 - 10110110?
-10110110
In base 13, what is -25 - 4?
-29
In base 4, what is 11 + -13230?
-13213
In base 16, what is -4 - 25?
-29
In base 14, what is 49 + -1?
48
In base 14, what is -2 - 51?
-53
In base 6, what is 4 - 3504?
-3500
In base 5, what is 442 + -3?
434
In base 5, what is 3 - 30210?
-30202
In base 4, what is -1 + 2000?
1333
In base 5, what is -323 + 343?
20
In base 11, what is -104 + 4?
-100
In base 6, what is 3 + -2523?
-2520
In base 3, what is 2 + 222220?
222222
In base 2, what is 1110100101 - 1110?
1110010111
In base 12, what is 1 - -8b1?
8b2
In base 11, what is -8106 + -3?
-8109
In base 14, what is -2 - 1c2?
-1c4
In base 14, what is 5 + 3a?
41
In base 15, what is -e - 67?
-76
In base 8, what is -1 - 425?
-426
In base 16, what is 681 + 4?
685
In base 12, what is 5 - 331?
-328
In base 7, what is 36132 - 1?
36131
In base 2, what is -1010 + 1?
-1001
In base 7, what is 2 - -330?
332
In base 12, what is 5 - 246b?
-2466
In base 3, what is -21 - -211?
120
In base 13, what is b0 + 1?
b1
In base 9, what is 3 + -461?
-457
In base 14, what is 7 + 17c?
185
In base 12, what is -9 - -19?
10
In base 15, what is b8 - 2?
b6
In base 7, what is -1464 - -4?
-1460
In base 7, what is 5 - -14003?
14011
In base 10, what is -3 + -1526?
-1529
In base 3, what is 10 + -202?
-122
In base 8, what is -4 + 1472?
1466
In base 9, what is -1330 + -4?
-1334
In base 16, what is f4c - -3?
f4f
In base 4, what is -11 - -113?
102
In base 2, what is -10111110010101 + -11?
-10111110011000
In base 6, what is -1104 + 32?
-1032
In base 15, what is -3 + -68?
-6b
In base 4, what is 2102 - -3?
2111
In base 15, what is -4 + -255?
-259
In base 7, what is 5 - -15?
23
In base 14, what is 6 + -2c?
-26
In base 12, what is -2 + -151?
-153
In base 7, what is 1 + 510?
511
In base 11, what is 0 + 6145?
6145
In base 15, what is 3 - -a0?
a3
In base 9, what is 1551 + -5?
1545
In base 5, what is -203 + 0?
-203
In base 6, what is -25020 - -3?
-25013
In base 3, what is -2 + -22100?
-22102
In base 16, what is -499 - 0?
-499
In base 15, what is -9 + -17?
-21
In base 7, what is 3 - 14140?
-14134
In base 10, what is 27 - 4?
23
In base 5, what is 1313 + -3?
1310
In base 8, what is 210 - -5?
215
In base 6, what is 411 - 14?
353
In base 5, what is -10 + 144?
134
In base 9, what is -4 + -760?
-764
In base 15, what is -4888 + 1?
-4887
In base 13, what is 3 + -1c5?
-1c2
In base 8, what is 31 + -5?
24
In base 9, what is -10 - 1175?
-1185
In base 5, what is 2421 - 1?
2420
In base 4, what is -1113 + 11?
-1102
In base 11, what is -27 - 4?
-30
In base 10, what is -67 - 46?
-113
In base 5, what is -420 - -3?
-412
In base 3, what is 11021 + 0?
11021
In base 4, what is -1 + -131?
-132
In base 16, what is -6a - -1?
-69
In base 3, what is 12022 + 11?
12110
In base 7, what is -14 + 14?
0
In base 3, what is 20011020 + 11?
20011101
In base 6, what is 5 - -500?
505
In base 16, what is -ab - 2b?
-d6
In base 12, what is -8 - -30?
24
In base 13, what is -c3 - -3?
-c0
In base 14, what is 2 - -17?
19
In base 8, what is -7 + -52?
-61
In base 11, what is -43 + -5?
-48
In base 6, what is 42 + 3?
45
In base 2, what is 1100 + 10110?
100010
In base 15, what is 13 - e4?
-d1
In base 10, what is -48 - -1?
-47
In base 15, what is -4 + 9?
5
In base 2, what is 0 - -111011?
111011
In base 16, what is -5 + 12?
d
In base 3, what is -100 - -221?
121
In base 3, what is 12 - 101200?
-101111
In base 12, what is -3275 - -3?
-3272
In base 5, what is -12 - 4333?
-4400
In base 14, what is -a42 + 2?
-a40
In base 3, what is 12 + -200?
-111
In base 9, what is 5 - 6358?
-6353
In base 6, what is 2 + 411?
413
In base 10, what is 0 + 2866?
2866
In base 2, what is -1001 + -100?
-1101
In base 10, what is 419 - -5?
424
In base 8, what is -15 + -17?
-34
In base 13, what is -45 + -5?
-4a
In base 12, what is -3 - -30?
29
In base 3, what is 21001 - 1202?
12022
In base 10, what is 3 + 64?
67
In base 10, what is 69 - 56?
13
In base 14, what is 6 + 15d?
1